{"id":4609,"date":"2024-06-22T07:00:07","date_gmt":"2024-06-22T07:00:07","guid":{"rendered":"https:\/\/www.hyflexpack.com\/?post_type=product&#038;p=4609"},"modified":"2024-06-22T07:00:09","modified_gmt":"2024-06-22T07:00:09","slug":"factory-price-liquid-pouch","status":"publish","type":"product","link":"https:\/\/www.hyflexpack.com\/tr\/product\/factory-price-liquid-pouch\/","title":{"rendered":"Fabrika Fiyat\u0131 S\u0131v\u0131 K\u0131l\u0131f\u0131 1L Bacal\u0131 \u00c7ama\u015f\u0131r Deterjan\u0131 Ambalaj Bask\u0131 Stand-Up \u00c7anta"},"content":{"rendered":"<div class=\"wp-block-columns is-layout-flex wp-container-core-columns-is-layout-9d6595d7 wp-block-columns-is-layout-flex\">\n<div class=\"wp-block-column is-layout-flow wp-block-column-is-layout-flow\">\n<h2 class=\"wp-block-heading\">Y\u00fcksek Kaliteli S\u0131v\u0131 Torbas\u0131n\u0131n \u00d6zellikleri<\/h2>\n\n\n\n<p><\/p>\n\n\n\n<ul class=\"wp-block-list\">\n<li>1L Kapasite: T\u00fcketiciler i\u00e7in kolayl\u0131k ve de\u011fer sa\u011flayan, 1 litre s\u0131v\u0131 \u00e7ama\u015f\u0131r deterjan\u0131 depolamaya uygun geni\u015f kapasite.<\/li>\n<\/ul>\n\n\n\n<p><\/p>\n\n\n\n<ul class=\"wp-block-list\">\n<li>Bask\u0131: Markalama, \u00fcr\u00fcn bilgileri ve \u00e7ekici tasar\u0131mlar i\u00e7in \u00f6zelle\u015ftirilebilir bask\u0131 se\u00e7enekleri mevcuttur ve raf \u00e7ekicili\u011fini art\u0131r\u0131r.<\/li>\n<\/ul>\n\n\n\n<p><\/p>\n\n\n\n<ul class=\"wp-block-list\">\n<li>\u00c7\u0131k\u0131\u015f A\u011fz\u0131 Tasar\u0131m\u0131: Kolay d\u00f6kme ve hassas da\u011f\u0131t\u0131m i\u00e7in uygun bir \u00e7\u0131k\u0131\u015f a\u011fz\u0131na sahiptir, d\u00f6k\u00fclmeleri en aza indirir ve kullan\u0131c\u0131 rahatl\u0131\u011f\u0131 sa\u011flar.<\/li>\n<\/ul>\n\n\n\n<p><\/p>\n\n\n\n<ul class=\"wp-block-list\">\n<li>Stand-Up Ambalaj: Yenilik\u00e7i stand-up tasar\u0131m\u0131, po\u015fetin raflarda sabit ve dik durmas\u0131n\u0131 sa\u011flayarak perakende g\u00f6r\u00fcn\u00fcrl\u00fc\u011f\u00fcn\u00fc en \u00fcst d\u00fczeye \u00e7\u0131kar\u0131r.<\/li>\n<\/ul>\n\n\n\n<p><\/p>\n\n\n\n<ul class=\"wp-block-list\">\n<li>Bariyer Korumas\u0131: Nem, oksijen ve \u0131\u015f\u0131\u011fa kar\u015f\u0131 m\u00fckemmel bariyer \u00f6zellikleri sa\u011flayarak deterjan\u0131n kalitesini ve tazeli\u011fini korur.<\/li>\n<\/ul>\n\n\n\n<p><\/p>\n\n\n\n<ul class=\"wp-block-list\">\n<li>\u00c7evre Dostu: S\u0131v\u0131 po\u015feti, geri d\u00f6n\u00fc\u015ft\u00fcr\u00fclebilir veya biyolojik olarak par\u00e7alanabilir se\u00e7enekler gibi \u00e7evresel s\u00fcrd\u00fcr\u00fclebilirli\u011fi destekleyen malzemelerden yap\u0131lm\u0131\u015ft\u0131r.<\/li>\n<\/ul>\n\n\n\n<p><\/p>\n\n\n\n<ul class=\"wp-block-list\">\n<li>\u00c7ok Y\u00f6nl\u00fc Kullan\u0131m: Sadece s\u0131v\u0131 \u00e7ama\u015f\u0131r deterjan\u0131 i\u00e7in de\u011fil, temizlik sol\u00fcsyonlar\u0131 veya i\u00e7ecekler gibi di\u011fer s\u0131v\u0131 \u00fcr\u00fcnler i\u00e7in de uygundur.<\/li>\n<\/ul>\n<\/div>\n\n\n\n<div class=\"wp-block-column is-layout-flow wp-block-column-is-layout-flow\">\n<figure class=\"wp-block-image size-full\"><img fetchpriority=\"high\" decoding=\"async\" width=\"750\" height=\"750\" src=\"https:\/\/www.hyflexpack.com\/wp-content\/uploads\/2024\/06\/Factory-Price-Liquid-Pouch-7.webp\" alt=\"Fabrika Fiyat\u0131 S\u0131v\u0131 Torbas\u0131\" class=\"wp-image-4616\" srcset=\"https:\/\/www.hyflexpack.com\/wp-content\/uploads\/2024\/06\/Factory-Price-Liquid-Pouch-7.webp 750w, https:\/\/www.hyflexpack.com\/wp-content\/uploads\/2024\/06\/Factory-Price-Liquid-Pouch-7-300x300.webp 300w, https:\/\/www.hyflexpack.com\/wp-content\/uploads\/2024\/06\/Factory-Price-Liquid-Pouch-7-150x150.webp 150w, https:\/\/www.hyflexpack.com\/wp-content\/uploads\/2024\/06\/Factory-Price-Liquid-Pouch-7-12x12.webp 12w, https:\/\/www.hyflexpack.com\/wp-content\/uploads\/2024\/06\/Factory-Price-Liquid-Pouch-7-285x285.webp 285w, https:\/\/www.hyflexpack.com\/wp-content\/uploads\/2024\/06\/Factory-Price-Liquid-Pouch-7-270x270.webp 270w, https:\/\/www.hyflexpack.com\/wp-content\/uploads\/2024\/06\/Factory-Price-Liquid-Pouch-7-540x540.webp 540w, https:\/\/www.hyflexpack.com\/wp-content\/uploads\/2024\/06\/Factory-Price-Liquid-Pouch-7-660x660.webp 660w\" sizes=\"(max-width: 750px) 100vw, 750px\" \/><\/figure>\n<\/div>\n<\/div>","protected":false},"excerpt":{"rendered":"<p>S\u0131v\u0131 po\u015fet 1L \u00e7ama\u015f\u0131r deterjan\u0131 ambalaj po\u015fetimiz, \u00fcr\u00fcn cazibesini ve t\u00fcketici rahatl\u0131\u011f\u0131n\u0131 art\u0131ran etkili, \u00e7evre dostu bir ambalaj \u00e7\u00f6z\u00fcm\u00fc arayan markalar i\u00e7in ideal se\u00e7im haline gelmi\u015ftir. \u0130stedi\u011finiz zaman bilgi almaktan \u00e7ekinmeyin!<\/p>\n<h3>S\u0131v\u0131 Torbas\u0131 Tedarik\u00e7isinin Avantajlar\u0131<\/h3>\n<ul>\n<li><strong>\u00d6zel Tasar\u0131m<\/strong>: M\u00fc\u015fterilerin ihtiya\u00e7lar\u0131n\u0131 kar\u015f\u0131lamak i\u00e7in malzeme, boyut ve bask\u0131 deseni \u00f6zelle\u015ftirmesi dahil olmak \u00fczere \u00f6zelle\u015ftirilmi\u015f tasar\u0131m s\u0131v\u0131 po\u015fet hizmeti sa\u011fl\u0131yoruz ve OEM ve ODM'yi destekliyoruz.<\/li>\n<li><strong>\u00dcretim<\/strong>: Geli\u015fmi\u015f ekipman ve teknoloji ile sipari\u015fleri y\u00fcksek verimlilik ve y\u00fcksek kalitede tamamlayabilir ve zaman\u0131nda teslim edebiliriz.<\/li>\n<li><strong>Kalite Denetimi<\/strong>: \u00dcr\u00fcnlerin standartlar\u0131 kar\u015f\u0131lad\u0131\u011f\u0131ndan emin olmak i\u00e7in kalite standartlar\u0131n\u0131 ve g\u0131da g\u00fcvenli\u011fi gereksinimlerini s\u0131k\u0131 bir \u015fekilde takip edin.<\/li>\n<li><strong>Teknik Destek Ekibi<\/strong>: Ekibimiz zengin end\u00fcstri deneyimine ve profesyonel bilgiye sahiptir ve m\u00fc\u015fterilerimize teknik destek ve 24 saat dan\u0131\u015fmanl\u0131k hizmeti sa\u011flayabilir.<\/li>\n<li><strong>\u00dccretsiz \u00d6rnek<\/strong>: \u00dcr\u00fcnleri de\u011ferlendirmeniz i\u00e7in \u00fccretsiz numune hizmeti sa\u011flay\u0131n.<\/li>\n<\/ul>\n<p>Huiyang Packaging, m\u00fc\u015fterilerin \u00fcr\u00fcn imajlar\u0131n\u0131 iyile\u015ftirmelerine ve pazar rekabet g\u00fcc\u00fcn\u00fc art\u0131rmalar\u0131na yard\u0131mc\u0131 olmak i\u00e7in m\u00fc\u015fterilere y\u00fcksek kaliteli ve \u00f6zel \u00e7ama\u015f\u0131r deterjan\u0131 paketleme \u00e7antas\u0131 sa\u011flamay\u0131 taahh\u00fct eder.<\/p>\n<p>&nbsp;<\/p>","protected":false},"featured_media":4610,"comment_status":"open","ping_status":"closed","template":"","meta":[],"product_brand":[],"product_cat":[52],"product_tag":[],"class_list":{"0":"post-4609","1":"product","2":"type-product","3":"status-publish","4":"has-post-thumbnail","6":"product_cat-custom-daily-chemical-packaging","8":"first","9":"instock","10":"shipping-taxable","11":"product-type-simple"},"_links":{"self":[{"href":"https:\/\/www.hyflexpack.com\/tr\/wp-json\/wp\/v2\/product\/4609","targetHints":{"allow":["GET"]}}],"collection":[{"href":"https:\/\/www.hyflexpack.com\/tr\/wp-json\/wp\/v2\/product"}],"about":[{"href":"https:\/\/www.hyflexpack.com\/tr\/wp-json\/wp\/v2\/types\/product"}],"replies":[{"embeddable":true,"href":"https:\/\/www.hyflexpack.com\/tr\/wp-json\/wp\/v2\/comments?post=4609"}],"wp:featuredmedia":[{"embeddable":true,"href":"https:\/\/www.hyflexpack.com\/tr\/wp-json\/wp\/v2\/media\/4610"}],"wp:attachment":[{"href":"https:\/\/www.hyflexpack.com\/tr\/wp-json\/wp\/v2\/media?parent=4609"}],"wp:term":[{"taxonomy":"product_brand","embeddable":true,"href":"https:\/\/www.hyflexpack.com\/tr\/wp-json\/wp\/v2\/product_brand?post=4609"},{"taxonomy":"product_cat","embeddable":true,"href":"https:\/\/www.hyflexpack.com\/tr\/wp-json\/wp\/v2\/product_cat?post=4609"},{"taxonomy":"product_tag","embeddable":true,"href":"https:\/\/www.hyflexpack.com\/tr\/wp-json\/wp\/v2\/product_tag?post=4609"}],"curies":[{"name":"wp","href":"https:\/\/api.w.org\/{rel}","templated":true}]}}

Fabrika Fiyatı Sıvı Kılıfı 1L Bacalı Çamaşır Deterjanı Ambalaj Baskı Stand-Up Çanta

<div class="wp-block-columns is-layout-flex wp-container-core-columns-is-layout-9d6595d7 wp-block-columns-is-layout-flex">
<div class="wp-block-column is-layout-flow wp-block-column-is-layout-flow">
<h2 class="wp-block-heading">Yüksek Kaliteli Sıvı Torbasının Özellikleri</h2>



<p></p>



<ul class="wp-block-list">
<li>1L Kapasite: Tüketiciler için kolaylık ve değer sağlayan, 1 litre sıvı çamaşır deterjanı depolamaya uygun geniş kapasite.</li>
</ul>



<p></p>



<ul class="wp-block-list">
<li>Baskı: Markalama, ürün bilgileri ve çekici tasarımlar için özelleştirilebilir baskı seçenekleri mevcuttur ve raf çekiciliğini artırır.</li>
</ul>



<p></p>



<ul class="wp-block-list">
<li>Çıkış Ağzı Tasarımı: Kolay dökme ve hassas dağıtım için uygun bir çıkış ağzına sahiptir, dökülmeleri en aza indirir ve kullanıcı rahatlığı sağlar.</li>
</ul>



<p></p>



<ul class="wp-block-list">
<li>Stand-Up Ambalaj: Yenilikçi stand-up tasarımı, poşetin raflarda sabit ve dik durmasını sağlayarak perakende görünürlüğünü en üst düzeye çıkarır.</li>
</ul>



<p></p>



<ul class="wp-block-list">
<li>Bariyer Koruması: Nem, oksijen ve ışığa karşı mükemmel bariyer özellikleri sağlayarak deterjanın kalitesini ve tazeliğini korur.</li>
</ul>



<p></p>



<ul class="wp-block-list">
<li>Çevre Dostu: Sıvı poşeti, geri dönüştürülebilir veya biyolojik olarak parçalanabilir seçenekler gibi çevresel sürdürülebilirliği destekleyen malzemelerden yapılmıştır.</li>
</ul>



<p></p>



<ul class="wp-block-list">
<li>Çok Yönlü Kullanım: Sadece sıvı çamaşır deterjanı için değil, temizlik solüsyonları veya içecekler gibi diğer sıvı ürünler için de uygundur.</li>
</ul>
</div>



<div class="wp-block-column is-layout-flow wp-block-column-is-layout-flow">
<figure class="wp-block-image size-full"><img fetchpriority="high" decoding="async" width="750" height="750" src="https://www.hyflexpack.com/wp-content/uploads/2024/06/Factory-Price-Liquid-Pouch-7.webp" alt="Fabrika Fiyatı Sıvı Torbası" class="wp-image-4616" srcset="https://www.hyflexpack.com/wp-content/uploads/2024/06/Factory-Price-Liquid-Pouch-7.webp 750w, https://www.hyflexpack.com/wp-content/uploads/2024/06/Factory-Price-Liquid-Pouch-7-300x300.webp 300w, https://www.hyflexpack.com/wp-content/uploads/2024/06/Factory-Price-Liquid-Pouch-7-150x150.webp 150w, https://www.hyflexpack.com/wp-content/uploads/2024/06/Factory-Price-Liquid-Pouch-7-12x12.webp 12w, https://www.hyflexpack.com/wp-content/uploads/2024/06/Factory-Price-Liquid-Pouch-7-285x285.webp 285w, https://www.hyflexpack.com/wp-content/uploads/2024/06/Factory-Price-Liquid-Pouch-7-270x270.webp 270w, https://www.hyflexpack.com/wp-content/uploads/2024/06/Factory-Price-Liquid-Pouch-7-540x540.webp 540w, https://www.hyflexpack.com/wp-content/uploads/2024/06/Factory-Price-Liquid-Pouch-7-660x660.webp 660w" sizes="(max-width: 750px) 100vw, 750px" /></figure>
</div>
</div>

<p>Sıvı poşet 1L çamaşır deterjanı ambalaj poşetimiz, ürün cazibesini ve tüketici rahatlığını artıran etkili, çevre dostu bir ambalaj çözümü arayan markalar için ideal seçim haline gelmiştir. İstediğiniz zaman bilgi almaktan çekinmeyin!</p>
<h3>Sıvı Torbası Tedarikçisinin Avantajları</h3>
<ul>
<li><strong>Özel Tasarım</strong>: Müşterilerin ihtiyaçlarını karşılamak için malzeme, boyut ve baskı deseni özelleştirmesi dahil olmak üzere özelleştirilmiş tasarım sıvı poşet hizmeti sağlıyoruz ve OEM ve ODM'yi destekliyoruz.</li>
<li><strong>Üretim</strong>: Gelişmiş ekipman ve teknoloji ile siparişleri yüksek verimlilik ve yüksek kalitede tamamlayabilir ve zamanında teslim edebiliriz.</li>
<li><strong>Kalite Denetimi</strong>: Ürünlerin standartları karşıladığından emin olmak için kalite standartlarını ve gıda güvenliği gereksinimlerini sıkı bir şekilde takip edin.</li>
<li><strong>Teknik Destek Ekibi</strong>: Ekibimiz zengin endüstri deneyimine ve profesyonel bilgiye sahiptir ve müşterilerimize teknik destek ve 24 saat danışmanlık hizmeti sağlayabilir.</li>
<li><strong>Ücretsiz Örnek</strong>: Ürünleri değerlendirmeniz için ücretsiz numune hizmeti sağlayın.</li>
</ul>
<p>Huiyang Packaging, müşterilerin ürün imajlarını iyileştirmelerine ve pazar rekabet gücünü artırmalarına yardımcı olmak için müşterilere yüksek kaliteli ve özel çamaşır deterjanı paketleme çantası sağlamayı taahhüt eder.</p>
<p>&nbsp;</p>
